12069 composite?
True
Is 258688679 prime?
True
Is 4439411923 a prime number?
True
Is 7972355737 prime?
False
Is 22755881 prime?
True
Is 8585357091 composite?
True
Is 28373611849 a prime number?
False
Is 602212213 a composite number?
False
Is 15887667757 a composite number?
True
Is 136695907 a composite number?
False
Is 462417821 composite?
False
Is 21946894591 prime?
True
Is 989899357 prime?
True
Is 2671785803 prime?
True
Is 138245269 prime?
False
Is 3207756379 a composite number?
False
Is 117713573 a composite number?
True
Is 5762312089 a composite number?
False
Is 8341748843 a composite number?
False
Is 14222654917 a composite number?
False
Is 56244149297 a composite number?
True
Is 177743142433 prime?
False
Is 17577850863 a prime number?
False
Is 11402203481 a composite number?
False
Is 14031075991 prime?
True
Is 773040823 composite?
False
Is 5636799751 prime?
False
Is 773026699 a composite number?
False
Is 27480819187 composite?
False
Is 1945449377 composite?
True
Is 10921519039 a composite number?
True
Is 25545914071 a prime number?
True
Is 6227117009 a prime number?
False
Is 1311393731 prime?
False
Is 576906719 a prime number?
True
Is 196198463 a composite number?
False
Is 5624856397 a composite number?
True
Is 297569476823 a prime number?
True
Is 88370040637 prime?
True
Is 72086558473 a prime number?
True
Is 465328517 a prime number?
True
Is 3226293529 a composite number?
True
Is 33667211 prime?
False
Is 1785478501 prime?
False
Is 26707240055 composite?
True
Is 557217119 a composite number?
False
Is 13643075423 a composite number?
False
Is 813868973 a composite number?
True
Is 2414073835 a composite number?
True
Is 10893172471 prime?
True
Is 1248676193 composite?
False
Is 7436273783 prime?
True
Is 47712053 composite?
False
Is 46118380877 a composite number?
False
Is 10721371099 prime?
True
Is 2231652547 composite?
True
Is 1507055449 composite?
True
Is 677533723 composite?
True
Is 608411161 a composite number?
False
Is 48566535413 a composite number?
True
Is 7561291787 composite?
True
Is 90690642989 prime?
True
Is 1220821333 a composite number?
True
Is 3392981473 a composite number?
True
Is 104631896653 prime?
True
Is 51417977099 a composite number?
True
Is 43395199 a composite number?
False
Is 288252086 a composite number?
True
Is 106547447 a prime number?
True
Is 25868748491 composite?
True
Is 6029932019 prime?
False
Is 42138384173 a composite number?
True
Is 3262605049 composite?
True
Is 34780992463 prime?
False
Is 6089755891 a composite number?
False
Is 900061007 a composite number?
True
Is 8976751783 a composite number?
True
Is 1659495113 composite?
False
Is 1254029879 a prime number?
True
Is 29444640961 a prime number?
True
Is 352857889 a prime number?
True
Is 110926730011 a prime number?
True
Is 134065081 prime?
False
Is 453654239 composite?
False
Is 2198446541 composite?
False
Is 214912489 a composite number?
True
Is 90473579 composite?
True
Is 1141671851 a prime number?
False
Is 44651548441 a composite number?
True
Is 17889733039 a prime number?
True
Is 1291507727 a prime number?
True
Is 952852339 prime?
True
Is 384052283 a composite number?
True
Is 11646285101 a prime number?
False
Is 287221481 a prime number?
False
Is 5443872773 prime?
True
Is 1213587059 a prime number?
False
Is 2983298641 a prime number?
False
Is 27193500794 prime?
False
Is 370156909 prime?
False
Is 174662617 prime?
False
Is 24075047 composite?
False
Is 49443027859 composite?
False
Is 66500592283 prime?
False
Is 98282193409 a composite number?
True
Is 6895319971 a composite number?
True
Is 7689534977 a prime number?
True
Is 15883003657 a composite number?
True
Is 13162354273 a composite number?
False
Is 6145737691 a composite number?
True
Is 10864452013 a composite number?
True
Is 7352511571 prime?
False
Is 54304965677 prime?
True
Is 794322769 a prime number?
True
Is 243224881 prime?
False
Is 6683903363 composite?
False
Is 27778507 prime?
True
Is 11142500477 a composite number?
False
Is 4843052273 a prime number?
True
Is 347864123 a prime number?
True
Is 34324271431 a composite number?
False
Is 9987399913 prime?
False
Is 3869386409 a composite number?
True
Is 6372551261 prime?
True
Is 33425487343 a composite number?
False
Is 296888143 a composite number?
True
Is 2727039121 composite?
True
Is 113467855521 prime?
False
Is 999662546 a prime number?
False
Is 28471217081 prime?
True
Is 25699889387 a composite number?
True
Is 25217235782 prime?
False
Is 12138958318 a composite number?
True
Is 3235713083 prime?
True
Is 30975289781 composite?
True
Is 2518348451 a prime number?
True
Is 495158773 composite?
True
Is 11587135249 a prime number?
False
Is 17739193042 composite?
True
Is 1078044879 a prime number?
False
Is 658456759 composite?
False
Is 4814629069 prime?
False
Is 97015351 composite?
False
Is 766312499 a composite number?
True
Is 209634067 a prime number?
True
Is 11191793203 a prime number?
True
Is 24988801291 a composite number?
False
Is 7381373431 a composite number?
True
Is 2577637093 prime?
False
Is 3001750915 a prime number?
False
Is 4482779513 composite?
True
Is 166430023 prime?
False
Is 637558277 a prime number?
True
Is 18475797599 a composite number?
True
Is 52303661071 a prime number?
False
Is 1262846341 prime?
True
Is 56015653387 a composite number?
False
Is 14003507311 a prime number?
False
Is 3136869493 prime?
False
Is 964604737 a composite number?
False
Is 1783078403 prime?
False
Is 9879358727 prime?
False
Is 24795831815 prime?
False
Is 418764011 prime?
False
Is 8154416089 a composite number?
False
Is 143114221 composite?
False
Is 1561020883 a composite number?
True
Is 435045637 a prime number?
False
Is 1487299103 composite?
True
Is 6265452091 a prime number?
False
Is 2938667 prime?
True
Is 11847848997 composite?
True
Is 771501253 composite?
True
Is 4291606213 a composite number?
True
Is 5979185813 a composite number?
True
Is 81737647 a prime number?
True
Is 176435071 composite?
True
Is 7515526181 prime?
True
Is 6072218941 prime?
False
Is 5684348473 a composite number?
True
Is 117565907 a composite number?
False
Is 76329486551 prime?
True
Is 1856269 prime?
True
Is 756702137 composite?
False
Is 15925723537 a prime number?
True
Is 3594258219 prime?
False
Is 807768859 a composite number?
False
Is 5348699357 composite?
False
Is 2711918813 a composite number?
False
Is 3808361 a prime number?
False
Is 8455578347 prime?
True
Is 13431689351 composite?
False
Is 6386287445 composite?
True
Is 14082741259 composite?
True
Is 5395799377 a composite number?
False
Is 2887983971 a composite number?
False
Is 289816651 prime?
True
Is 3258757553 prime?
False
Is 5440552919 prime?
False
Is 1762057673 prime?
True
Is 3747930643 a prime number?
True
Is 770922079 a composite number?
True
Is 3171552059 prime?
False
Is 12515406259 composite?
False
Is 321452291 prime?
False
Is 5069904113 a composite number?
True
Is 129960553 prime?
True
Is 105231669433 a composite number?
True
Is 12987112459 prime?
True
Is 137999315 prime?
False
Is 182109708701 composite?
False
Is 6519719677 a prime number?
False
Is 710480957 composite?
False
Is 3897073769 a prime number?
False
Is 151840177711 a composite number?
True
Is 945682009 a prime number?
True
Is 26780027627 composite?
False
Is 3035124419 a composite number?
False
Is 279632018 a prime number?
False
Is 49479413387 a prime number?
False
Is 398413655 a prime number?
False
Is 217341161 a prime number?
True
Is 21117086759 a prime number?
True
Is 2550260963 composite?
False
Is 153071812051 composite?
False
Is 1824817741 a prime number?
False
Is 1403145827 composite?
True
Is 2734353511 a composite number?
False
Is 19421291 a prime number?
False
Is 156361198381 prime?
False
Is 30207189427 a prime number?
False
Is 3479432623 composite?
False
Is 12284264273 composite?
True
Is 36339271 composite?
False
Is 357662042435 prime?
False
Is 44531392613 composite?
True
Is 3171622171 a composite number?
True
Is 24441273151 composite?
False
Is 12916714607 prime?
True
Is 1614918007 composite?
False
Is 20554875041 a composite number?
False
Is 4164276146 composite?
True
Is 2782798861 prime?
False
Is 3357205259 prime?
True
Is 1439961163 a prime number?
True
Is 11711119441 a prime number?
False
Is 3133647607 prime?
True
Is 621304577 prime?
True
Is 2497164